mon factor of h and 45?
45
Suppose 5*q - 1092 = 4*r, -q - 4*r + 11358 = 11154. Let n(v) = -7*v**3 - 2*v**2. Let p be n(-2). Calculate the highest common factor of q and p.
24
Let w(r) = -32*r - 2. Let f be w(2). Let o be -7*((-22)/f - (-8)/(-6)). Let m = 3 + 4. What is the highest common factor of m and o?
7
Suppose 8246 = 14*f + 2926. Suppose 36 + 4 = 2*c. Calculate the highest common factor of c and f.
20
Let s(a) = 27*a**2 - 179*a + 299. Let j be s(8). Suppose -5*f - h = -178, -5*f + 4*h + 83 = -80. Calculate the greatest common divisor of f and j.
35
Let s(q) = q**2 + 6*q - 39. Let o be s(-14). Suppose -2*h + 6*z + 45 = 5*z, -4*z + o = 3*h. What is the greatest common factor of h and 23?
23
Suppose 2*h + 5*h = 2548. Suppose a - 2*a - 4*t = -h, -4*t = -a + 396. Calculate the highest common divisor of a and 76.
76
Let d(t) = 8*t + 42. Let v be d(-5). Suppose i - 12 = v*w, 15 - 48 = -5*i + w. Calculate the greatest common factor of 6 and i.
6
Let p(a) = -a + 8. Let i(l) = -l - 3. Let c be i(-8). Let v be p(c). Let m be (3 - 2) + -1*(-2)/(-2) - -5. Calculate the greatest common factor of v and m.
1
Suppose 0 = -17*h + 14*h. Suppose -2*k + 7 - 15 = h. Let r be 12928/144 - k/18. What is the highest common divisor of 30 and r?
30
Let k = 165 + -168. Let i be (-40)/(-6)*(k - (-195)/25). What is the highest common divisor of i and 240?
16
Let k be 147/28 + 4/(-16). Suppose 2*s + 6 = 16. Suppose -y - 42 = -s*r + 81, k*y - 33 = -2*r. What is the greatest common divisor of 16 and r?
8
Let s be -5*11955/(-375) + (-6)/(-10) + -3. What is the highest common divisor of s and 471?
157
Suppose -9*o - 46 = -991. Let b = o + -98. Calculate the highest common factor of b and 133.
7
Suppose 1560 = -74*m + 77*m. Suppose 165*q + m = 169*q. What is the highest common divisor of 39 and q?
13
Suppose -6992 = -259*k + 229*k + 15928. Calculate the highest common divisor of k and 8.
4
Let n(k) = 2*k + 61. Let m(l) = 12. Let t(d) = -11*m(d) + 2*n(d). Let f be t(3). Calculate the highest common factor of 32 and f.
2
Suppose -5*u - 86 - 124 = 0. Let k = 106 + u. Let q(o) = -4*o**2 + 85*o - 74. Let l be q(18). Calculate the highest common divisor of k and l.
32
Suppose 6*r = -82 + 652. Let u be r*(-9 + 6)/(-15). What is the greatest common divisor of u and 209?
19
Let u = 1555 + -1516. What is the greatest common factor of u and 26?
13
Suppose 0 = -6*t + 29*t - 575. Calculate the greatest common divisor of 2700 and t.
25
Let h be (11628/57)/(((-16)/12)/(-2)). What is the highest common factor of 561 and h?
51
Let b = 2046 + -1666. Calculate the greatest common factor of b and 1368.
76
Let o be -4 - 35/((-35)/24). Let d be 4*5/(30/(-81)). Let t = 144 + d. Calculate the highest common factor of t and o.
10
Suppose -w - 4 + 3 = 2*x, 5*w + 4*x = 25. Let o be 747/(-498)*18*3*-1. Calculate the highest common divisor of w and o.
9
Let u(o) = 13*o**2 + 3*o + 7. Let r be u(-2). Let i = r + -2. What is the greatest common factor of 119 and i?
17
Let p(n) = 22*n - 205. Let d(j) = -64*j + 615. Let h(a) = -4*d(a) - 11*p(a). Let y be h(15). Calculate the highest common factor of 2 and y.
1
Let u = 2427 + -2391. What is the highest common factor of 4527 and u?
9
Suppose 0 = 3*q - 4*w - 229, -3*q = -3*w - 116 - 109. What is the greatest common divisor of q and 7668?
71
Let m(t) be the second derivative of -2*t**3 - 117*t**2/2 - 68*t. Let u be m(-23). Calculate the highest common divisor of u and 106.
53
Let y be ((-27)/(-1 - -4))/((-6)/6). Let u be 12/y*(-108)/8. Let v = 26 + u. Calculate the highest common divisor of v and 2.
2
Let u be 1292/12 - 11/(-33)*1. Suppose 0*b + b - 270 = 0. Calculate the highest common divisor of u and b.
54
Let u = 0 + 6. Let j be (240/14)/(7/196*4). Suppose -2*c = 3*c - j. What is the greatest common factor of u and c?
6
Let m = -2379 + 3547. Suppose 0 = 17*o - 303 - 938. Calculate the greatest common divisor of o and m.
73
Let v(c) = c**2 + c - 8. Let o be v(4). Suppose 5*i = h - 0*h - o, h + 5*i = 22. Let j = h - 9. Calculate the greatest common divisor of 2 and j.
2
Let h be (-51 - 0)*(-2 + 1). Let r = 75 - h. Let j be -5*14/(-35) - -6. What is the highest common factor of r and j?
8
Suppose 7*d - 283 - 1824 = 0. Let h = 727 + d. Suppose -h = -20*j + 572. Calculate the greatest common divisor of j and 20.
20
Let a be (14/4)/((-31)/(-2356)) + 24/(-4). What is the highest common divisor of a and 910?
130
Let r(q) = 2*q**3 - 19*q**2 + 10*q + 19. Let z be r(10). Calculate the greatest common divisor of z and 949.
73
Suppose -12 = 9*i - 13*i. Suppose 0 = -i*q - h + 57 + 10, 2*h + 82 = 3*q. What is the highest common divisor of q and 6?
6
Let c = -26491 + 26740. Calculate the greatest common divisor of c and 11122.
83
Suppose 10*z - 59 - 1 = 0. Let s be 24*(-17 - -7)*4/30. Let p = 56 + s. What is the highest common factor of p and z?
6
Suppose 5*j - 15 = 0, -5*u - 3*j = -5*j - 3819. Calculate the greatest common factor of 2703 and u.
51
Let d(r) = -r**3 - r**2 + 13*r - 14. Let q be d(6). Let b = -144 - q. Calculate the greatest common factor of b and 154.
22
Let p = -51165 + 51223. Let c = -153 + 443. What is the highest common factor of p and c?
58
Suppose 3*k - 4*r = 7, -3*r + 5 = -2*r. Suppose 38*c - n = 35*c + 71, -33*c + n + 701 = 0. What is the highest common divisor of k and c?
3
Let y be (-10 + 3)*(0 - 1). Suppose -90 = -y*h + 176. What is the highest common factor of h and 76?
38
Let t(h) = -h**3 + 43*h**2 - 184*h - 162. Let q be t(38). What is the highest common divisor of q and 642?
6
Let k be 4/(11 - 3 - (-186)/(-24)). Calculate the highest common factor of 8656 and k.
16
Let v be 17*((-56)/(-7) + -7). Suppose 127 = v*k - 451. Calculate the greatest common divisor of 34 and k.
34
Let t = 66 - 64. Suppose -3*s = 3*j - 99, -72 = -2*s + 6*j - 11*j. What is the highest common divisor of t and s?
1
Suppose -468*u + 36 = -471*u. Let n be ((-8)/u)/((-14)/(-4641)). What is the greatest common divisor of n and 85?
17
Suppose -g = 4, 4*f = -0*g + 3*g - 716. Let i = 208 + f. What is the highest common factor of 234 and i?
26
Let u = -9 + -56. Let w = u + 41. Let j = w + 35. Calculate the greatest common divisor of j and 88.
11
Let i = -116 + 303. Calculate the greatest common factor of i and 1003.
17
Suppose 3*s - 3*b + 234 = 0, 5*s + b + b + 390 = 0. Let v = 95 + s. What is the highest common factor of v and 1?
1
Suppose 14*i - 57344 = -0*i - 0*i. What is the greatest common factor of 64 and i?
64
Suppose -2*c = 4*w - 2320, 4*c - 4640 = -0*c - 3*w. Calculate the highest common divisor of c and 40.
40
Suppose -2*h + 2*l - 68 - 4 = 0, 38 = -h + 2*l. Suppose -4*a = -d + 296, 3*d - 74 = a + 2*d. Let k = h - a. Calculate the greatest common factor of k and 5.
5
Let j = -10115 - -10483. What is the greatest common factor of j and 768?
16
Suppose 2*m = m - 3*n + 821, -4*n + 1642 = 2*m. Let f = 822 - m. What is the highest common factor of f and 29?
1
Suppose 14189 = 23*q + 10141. Let d = 27 + -16. What is the highest common factor of q and d?
11
Suppose 5*z + 0 = -2*w - 4, -4*z = -3*w + 40. Suppose w = -h + 86. What is the greatest common divisor of 195 and h?
39
Suppose 15*u - 7217 = 11563. Calculate the greatest common factor of 4 and u.
4
Let i be (-11)/(220/30)*38/3. Let n be (-45)/(-6) - i/38. Calculate the greatest common factor of 424 and n.
8
Let i be (15/(-2))/(((-31)/62)/(32/3)). What is the greatest common factor of i and 480?
160
Let i(z) = z**2 - 3*z + 1. Let b be i(4). Let k = 358 + -356. Suppose -u - 65 = -4*u - 5*h, u - k*h - 18 = 0. What is the highest common divisor of u and b?
5
Let k = 8 - 8. Suppose r + 309 = 5*u - k*r, -3*u + 181 = -5*r. Suppose u + 5 = 5*n + 2*c, n + 5*c = -5. Calculate the greatest common factor of n and 60.
15
Let f = -280 - -274. Let m(i) = 3*i**2 + 7*i + 26. Let a(c) = c**2. Let p(k) = -2*a(k) + m(k). Let b be p(f). What is the highest common factor of 140 and b?
20
Suppose -3*m + 18 = -4*f + 53, 4*f + m = 15. Suppose -5*g = 4*n - 441, -f*n = g - 567 + 42. What is the highest common divisor of 8 and n?
8
Suppose -73897 = 9*z - 250630. Calculate the greatest common factor of 73 and z.
73
Suppose 0 = 4*i - a - 75, -2*i + 31 = -3*a - 14. Calculate the highest common divisor of 7488 and i.
18
Let z be 414/15*(9680/33)/11.